[INFO] fetching crate wasmer 1.0.0-alpha01.0...
[INFO] checking wasmer-1.0.0-alpha01.0 against master#af3c6e733a40e671550e0f0f5aeecaa13772ba56 for pr-74989
[INFO] extracting crate wasmer 1.0.0-alpha01.0 into /workspace/builds/worker-12/source
[INFO] validating manifest of crates.io crate wasmer 1.0.0-alpha01.0 on toolchain af3c6e733a40e671550e0f0f5aeecaa13772ba56
[INFO] running `Command { std: "/workspace/cargo-home/bin/cargo" "+af3c6e733a40e671550e0f0f5aeecaa13772ba56" "read-manifest" "--manifest-path" "Cargo.toml", kill_on_drop: false }`
[INFO] started tweaking crates.io crate wasmer 1.0.0-alpha01.0
[INFO] finished tweaking crates.io crate wasmer 1.0.0-alpha01.0
[INFO] tweaked toml for crates.io crate wasmer 1.0.0-alpha01.0 written to /workspace/builds/worker-12/source/Cargo.toml
[INFO] running `Command { std: "/workspace/cargo-home/bin/cargo" "+af3c6e733a40e671550e0f0f5aeecaa13772ba56" "generate-lockfile" "--manifest-path" "Cargo.toml" "-Zno-index-update", kill_on_drop: false }`
[INFO] running `Command { std: "/workspace/cargo-home/bin/cargo" "+af3c6e733a40e671550e0f0f5aeecaa13772ba56" "fetch" "--locked" "--manifest-path" "Cargo.toml", kill_on_drop: false }`
[INFO] running `Command { std: "docker" "create" "-v" "/var/lib/crater-agent-workspace/builds/worker-12/target:/opt/rustwide/target:rw,Z" "-v" "/var/lib/crater-agent-workspace/builds/worker-12/source:/opt/rustwide/workdir:ro,Z" "-v" "/var/lib/crater-agent-workspace/cargo-home:/opt/rustwide/cargo-home:ro,Z" "-v" "/var/lib/crater-agent-workspace/rustup-home:/opt/rustwide/rustup-home:ro,Z" "-e" "SOURCE_DIR=/opt/rustwide/workdir" "-e" "CARGO_TARGET_DIR=/opt/rustwide/target" "-e" "CARGO_HOME=/opt/rustwide/cargo-home" "-e" "RUSTUP_HOME=/opt/rustwide/rustup-home" "-w" "/opt/rustwide/workdir" "-m" "1610612736" "--user" "0:0" "--network" "none" "rustops/crates-build-env@sha256:d92eaeed33fa75130ca1ee6c8a01d1ffb62bac859dfdfb3450e3e5d1c0146529" "/opt/rustwide/cargo-home/bin/cargo" "+af3c6e733a40e671550e0f0f5aeecaa13772ba56" "metadata" "--no-deps" "--format-version=1", kill_on_drop: false }`
[INFO] [stdout] c167752a96bb707ab96edddb399ecff1fec05737648dc6a702c30c02d6d4759b
[INFO] [stderr] WARNING: Your kernel does not support swap limit capabilities or the cgroup is not mounted. Memory limited without swap.
[INFO] running `Command { std: "docker" "start" "-a" "c167752a96bb707ab96edddb399ecff1fec05737648dc6a702c30c02d6d4759b", kill_on_drop: false }`
[INFO] running `Command { std: "docker" "inspect" "c167752a96bb707ab96edddb399ecff1fec05737648dc6a702c30c02d6d4759b", kill_on_drop: false }`
[INFO] running `Command { std: "docker" "rm" "-f" "c167752a96bb707ab96edddb399ecff1fec05737648dc6a702c30c02d6d4759b", kill_on_drop: false }`
[INFO] [stdout] c167752a96bb707ab96edddb399ecff1fec05737648dc6a702c30c02d6d4759b
[INFO] running `Command { std: "docker" "create" "-v" "/var/lib/crater-agent-workspace/builds/worker-12/target:/opt/rustwide/target:rw,Z" "-v" "/var/lib/crater-agent-workspace/builds/worker-12/source:/opt/rustwide/workdir:ro,Z" "-v" "/var/lib/crater-agent-workspace/cargo-home:/opt/rustwide/cargo-home:ro,Z" "-v" "/var/lib/crater-agent-workspace/rustup-home:/opt/rustwide/rustup-home:ro,Z" "-e" "SOURCE_DIR=/opt/rustwide/workdir" "-e" "CARGO_TARGET_DIR=/opt/rustwide/target" "-e" "CARGO_INCREMENTAL=0" "-e" "RUST_BACKTRACE=full" "-e" "RUSTFLAGS=--cap-lints=forbid" "-e" "CARGO_HOME=/opt/rustwide/cargo-home" "-e" "RUSTUP_HOME=/opt/rustwide/rustup-home" "-w" "/opt/rustwide/workdir" "-m" "1610612736" "--user" "0:0" "--network" "none" "rustops/crates-build-env@sha256:d92eaeed33fa75130ca1ee6c8a01d1ffb62bac859dfdfb3450e3e5d1c0146529" "/opt/rustwide/cargo-home/bin/cargo" "+af3c6e733a40e671550e0f0f5aeecaa13772ba56" "check" "--frozen" "--all" "--all-targets" "--message-format=json", kill_on_drop: false }`
[INFO] [stdout] 13d24f9f35452ff114b14d98fa7428ce7c77f7ae274037962b6cb3678960a552
[INFO] [stderr] WARNING: Your kernel does not support swap limit capabilities or the cgroup is not mounted. Memory limited without swap.
[INFO] running `Command { std: "docker" "start" "-a" "13d24f9f35452ff114b14d98fa7428ce7c77f7ae274037962b6cb3678960a552", kill_on_drop: false }`
[INFO] [stderr]    Compiling proc-macro2 v1.0.21
[INFO] [stderr]    Compiling unicode-xid v0.2.1
[INFO] [stderr]    Compiling syn v1.0.40
[INFO] [stderr]    Compiling autocfg v1.0.1
[INFO] [stderr]     Checking cfg-if v0.1.10
[INFO] [stderr]    Compiling serde_derive v1.0.116
[INFO] [stderr]    Compiling serde v1.0.116
[INFO] [stderr]    Compiling libc v0.2.77
[INFO] [stderr]     Checking hashbrown v0.9.0
[INFO] [stderr]     Checking lazy_static v1.4.0
[INFO] [stderr]    Compiling cc v1.0.59
[INFO] [stderr]    Compiling ident_case v1.0.1
[INFO] [stderr]    Compiling fnv v1.0.7
[INFO] [stderr]    Compiling strsim v0.9.3
[INFO] [stderr]    Compiling bitflags v1.2.1
[INFO] [stderr]    Compiling semver-parser v0.7.0
[INFO] [stderr]    Compiling target-lexicon v0.10.0
[INFO] [stderr]    Compiling byteorder v1.3.4
[INFO] [stderr]     Checking adler v0.2.3
[INFO] [stderr]     Checking smallvec v1.4.2
[INFO] [stderr]     Checking gimli v0.22.0
[INFO] [stderr]     Checking rustc-demangle v0.1.16
[INFO] [stderr]     Checking object v0.20.0
[INFO] [stderr]     Checking more-asserts v0.2.1
[INFO] [stderr]    Compiling maybe-uninit v2.0.0
[INFO] [stderr]     Checking wasmparser v0.57.0
[INFO] [stderr]    Compiling cranelift-codegen-shared v0.65.0
[INFO] [stderr]    Compiling log v0.4.11
[INFO] [stderr]     Checking scopeguard v1.1.0
[INFO] [stderr]    Compiling libloading v0.6.3
[INFO] [stderr]    Compiling wasmer-compiler-cranelift v1.0.0-alpha02.0
[INFO] [stderr]     Checking remove_dir_all v0.5.3
[INFO] [stderr]     Checking tracing-core v0.1.16
[INFO] [stderr]    Compiling semver v0.9.0
[INFO] [stderr]     Checking miniz_oxide v0.4.1
[INFO] [stderr]    Compiling indexmap v1.6.0
[INFO] [stderr]    Compiling memoffset v0.5.5
[INFO] [stderr]    Compiling num-traits v0.2.12
[INFO] [stderr]    Compiling crossbeam-utils v0.7.2
[INFO] [stderr]    Compiling crossbeam-epoch v0.8.2
[INFO] [stderr]    Compiling rayon v1.4.0
[INFO] [stderr]     Checking crc32fast v1.2.0
[INFO] [stderr]    Compiling rustc_version v0.2.3
[INFO] [stderr]     Checking regalloc v0.0.26
[INFO] [stderr]    Compiling raw-cpuid v7.0.3
[INFO] [stderr]    Compiling wasmer-vm v1.0.0-alpha02.0
[INFO] [stderr]    Compiling quote v1.0.7
[INFO] [stderr]     Checking crossbeam-channel v0.4.4
[INFO] [stderr]     Checking region v2.2.0
[INFO] [stderr]     Checking getrandom v0.1.15
[INFO] [stderr]     Checking num_cpus v1.13.0
[INFO] [stderr]     Checking rand_core v0.5.1
[INFO] [stderr]     Checking crossbeam-deque v0.7.3
[INFO] [stderr]     Checking rand_chacha v0.2.2
[INFO] [stderr]     Checking rayon-core v1.8.0
[INFO] [stderr]     Checking rand v0.7.3
[INFO] [stderr]     Checking addr2line v0.13.0
[INFO] [stderr]     Checking tempfile v3.1.0
[INFO] [stderr]     Checking backtrace v0.3.50
[INFO] [stderr]    Compiling darling_core v0.10.2
[INFO] [stderr]    Compiling thiserror-impl v1.0.20
[INFO] [stderr]    Compiling tracing-attributes v0.1.11
[INFO] [stderr]    Compiling darling_macro v0.10.2
[INFO] [stderr]     Checking thiserror v1.0.20
[INFO] [stderr]    Compiling darling v0.10.2
[INFO] [stderr]    Compiling enumset_derive v0.5.0
[INFO] [stderr]     Checking tracing v0.1.19
[INFO] [stderr]     Checking enumset v1.0.1
[INFO] [stderr]     Checking cranelift-entity v0.65.0
[INFO] [stderr]     Checking serde_bytes v0.11.5
[INFO] [stderr]     Checking bincode v1.3.1
[INFO] [stderr]     Checking wasmer-types v1.0.0-alpha02.0
[INFO] [stderr]     Checking cranelift-bforest v0.65.0
[INFO] [stderr]     Checking gimli v0.21.0
[INFO] [stderr]     Checking object v0.19.0
[INFO] [stderr]    Compiling cranelift-codegen-meta v0.65.0
[INFO] [stderr]     Checking wasmer-compiler v1.0.0-alpha02.0
[INFO] [stderr]     Checking wasmer-engine v1.0.0-alpha02.0
[INFO] [stderr]     Checking wasmer-object v1.0.0-alpha02.0
[INFO] [stderr]     Checking wasmer-engine-native v1.0.0-alpha02.0
[INFO] [stderr]     Checking wasmer-engine-jit v1.0.0-alpha02.0
[INFO] [stderr]     Checking wasmer-engine-dummy v1.0.0-alpha01.0
[INFO] [stderr]    Compiling cranelift-codegen v0.65.0
[INFO] [stderr]     Checking cranelift-frontend v0.65.0
[INFO] [stderr]     Checking wasmer v1.0.0-alpha01.0 (/opt/rustwide/workdir)
[INFO] [stdout] warning: lint `intra_doc_link_resolution_failure` has been renamed to `broken_intra_doc_links`
[INFO] [stdout]  --> src/lib.rs:6:5
[INFO] [stdout]   |
[INFO] [stdout] 6 |     intra_doc_link_resolution_failure
[INFO] [stdout]   |     ^^^^^^^^^^^^^^^^^^^^^^^^^^^^^^^^^ help: use the new name: `broken_intra_doc_links`
[INFO] [stdout]   |
[INFO] [stdout]   = note: `#[warn(renamed_and_removed_lints)]` on by default
[INFO] [stdout] 
[INFO] [stdout] 
[INFO] [stdout] warning: lint `intra_doc_link_resolution_failure` has been renamed to `broken_intra_doc_links`
[INFO] [stdout]  --> src/lib.rs:6:5
[INFO] [stdout]   |
[INFO] [stdout] 6 |     intra_doc_link_resolution_failure
[INFO] [stdout]   |     ^^^^^^^^^^^^^^^^^^^^^^^^^^^^^^^^^ help: use the new name: `broken_intra_doc_links`
[INFO] [stdout]   |
[INFO] [stdout]   = note: `#[warn(renamed_and_removed_lints)]` on by default
[INFO] [stdout] 
[INFO] [stdout] 
[INFO] [stdout] error[E0599]: no method named `get_mut` found for struct `wasmer_vm::Global` in the current scope
[INFO] [stdout]   --> src/externals/global.rs:46:40
[INFO] [stdout]    |
[INFO] [stdout] 46 |                 Val::I32(x) => *global.get_mut().as_i32_mut() = x,
[INFO] [stdout]    |                                        ^^^^^^^ method not found in `wasmer_vm::Global`
[INFO] [stdout] 
[INFO] [stdout] 
[INFO] [stdout] error[E0599]: no method named `get_mut` found for struct `wasmer_vm::Global` in the current scope
[INFO] [stdout]   --> src/externals/global.rs:47:40
[INFO] [stdout]    |
[INFO] [stdout] 47 |                 Val::I64(x) => *global.get_mut().as_i64_mut() = x,
[INFO] [stdout]    |                                        ^^^^^^^ method not found in `wasmer_vm::Global`
[INFO] [stdout] 
[INFO] [stdout] 
[INFO] [stdout] error[E0599]: no method named `get_mut` found for struct `wasmer_vm::Global` in the current scope
[INFO] [stdout]   --> src/externals/global.rs:48:40
[INFO] [stdout]    |
[INFO] [stdout] 48 |                 Val::F32(x) => *global.get_mut().as_f32_mut() = x,
[INFO] [stdout]    |                                        ^^^^^^^ method not found in `wasmer_vm::Global`
[INFO] [stdout] 
[INFO] [stdout] 
[INFO] [stdout] error[E0599]: no method named `get_mut` found for struct `wasmer_vm::Global` in the current scope
[INFO] [stdout]   --> src/externals/global.rs:49:40
[INFO] [stdout]    |
[INFO] [stdout] 49 |                 Val::F64(x) => *global.get_mut().as_f64_mut() = x,
[INFO] [stdout]    |                                        ^^^^^^^ method not found in `wasmer_vm::Global`
[INFO] [stdout] 
[INFO] [stdout] 
[INFO] [stdout] error[E0599]: no method named `get_mut` found for struct `wasmer_vm::Global` in the current scope
[INFO] [stdout]   --> src/externals/global.rs:50:41
[INFO] [stdout]    |
[INFO] [stdout] 50 |                 Val::V128(x) => *global.get_mut().as_u128_bits_mut() = x.to_ne_bytes(),
[INFO] [stdout]    |                                         ^^^^^^^ method not found in `wasmer_vm::Global`
[INFO] [stdout] 
[INFO] [stdout] 
[INFO] [stdout] error[E0599]: no method named `as_i32` found for enum `Value<_>` in the current scope
[INFO] [stdout]   --> src/externals/global.rs:76:55
[INFO] [stdout]    |
[INFO] [stdout] 76 |                 ValType::I32 => Val::from(*definition.as_i32()),
[INFO] [stdout]    |                                                       ^^^^^^ method not found in `Value<_>`
[INFO] [stdout] 
[INFO] [stdout] 
[INFO] [stdout] error[E0599]: no method named `as_i64` found for enum `Value<_>` in the current scope
[INFO] [stdout]   --> src/externals/global.rs:77:55
[INFO] [stdout]    |
[INFO] [stdout] 77 |                 ValType::I64 => Val::from(*definition.as_i64()),
[INFO] [stdout]    |                                                       ^^^^^^ method not found in `Value<_>`
[INFO] [stdout] 
[INFO] [stdout] 
[INFO] [stdout] error[E0599]: no method named `as_f32` found for enum `Value<_>` in the current scope
[INFO] [stdout]   --> src/externals/global.rs:78:54
[INFO] [stdout]    |
[INFO] [stdout] 78 |                 ValType::F32 => Val::F32(*definition.as_f32()),
[INFO] [stdout]    |                                                      ^^^^^^ method not found in `Value<_>`
[INFO] [stdout] 
[INFO] [stdout] 
[INFO] [stdout] error[E0599]: no method named `as_f64` found for enum `Value<_>` in the current scope
[INFO] [stdout]   --> src/externals/global.rs:79:54
[INFO] [stdout]    |
[INFO] [stdout] 79 |                 ValType::F64 => Val::F64(*definition.as_f64()),
[INFO] [stdout]    |                                                      ^^^^^^ method not found in `Value<_>`
[INFO] [stdout] 
[INFO] [stdout] 
[INFO] [stdout] error[E0599]: no method named `get_mut` found for struct `Arc<wasmer_vm::Global>` in the current scope
[INFO] [stdout]    --> src/externals/global.rs:109:42
[INFO] [stdout]     |
[INFO] [stdout] 109 |             let definition = self.global.get_mut();
[INFO] [stdout]     |                              ------------^^^^^^^
[INFO] [stdout]     |                              |           |
[INFO] [stdout]     |                              |           this is an associated function, not a method
[INFO] [stdout]     |                              help: use associated function syntax instead: `Arc::<wasmer_vm::Global>::get_mut`
[INFO] [stdout]     |
[INFO] [stdout]     = note: found the following associated functions; to be used as methods, functions must have a `self` parameter
[INFO] [stdout]     = note: the candidate is defined in an impl for the type `Arc<T>`
[INFO] [stdout] 
[INFO] [stdout] 
[INFO] [stdout] error[E0308]: mismatched types
[INFO] [stdout]   --> src/externals/memory.rs:76:45
[INFO] [stdout]    |
[INFO] [stdout] 76 |         slice::from_raw_parts_mut(def.base, def.current_length)
[INFO] [stdout]    |                                             ^^^^^^^^^^^^^^^^^^ expected `usize`, found `u32`
[INFO] [stdout]    |
[INFO] [stdout] help: you can convert an `u32` to `usize` and panic if the converted value wouldn't fit
[INFO] [stdout]    |
[INFO] [stdout] 76 |         slice::from_raw_parts_mut(def.base, def.current_length.try_into().unwrap())
[INFO] [stdout]    |                                             ^^^^^^^^^^^^^^^^^^^^^^^^^^^^^^^^^^^^^^
[INFO] [stdout] 
[INFO] [stdout] 
[INFO] [stdout] error[E0308]: mismatched types
[INFO] [stdout]   --> src/externals/memory.rs:90:9
[INFO] [stdout]    |
[INFO] [stdout] 87 |     pub fn data_size(&self) -> usize {
[INFO] [stdout]    |                                ----- expected `usize` because of return type
[INFO] [stdout] ...
[INFO] [stdout] 90 |         def.current_length
[INFO] [stdout]    |         ^^^^^^^^^^^^^^^^^^ expected `usize`, found `u32`
[INFO] [stdout]    |
[INFO] [stdout] help: you can convert an `u32` to `usize` and panic if the converted value wouldn't fit
[INFO] [stdout]    |
[INFO] [stdout] 90 |         def.current_length.try_into().unwrap()
[INFO] [stdout]    |
[INFO] [stdout] 
[INFO] [stdout] 
[INFO] [stdout] error[E0599]: no method named `get_mut` found for struct `wasmer_vm::Global` in the current scope
[INFO] [stdout]   --> src/externals/global.rs:46:40
[INFO] [stdout]    |
[INFO] [stdout] 46 |                 Val::I32(x) => *global.get_mut().as_i32_mut() = x,
[INFO] [stdout]    |                                        ^^^^^^^ method not found in `wasmer_vm::Global`
[INFO] [stdout] 
[INFO] [stdout] 
[INFO] [stdout] error[E0599]: no method named `get_mut` found for struct `wasmer_vm::Global` in the current scope
[INFO] [stdout]   --> src/externals/global.rs:47:40
[INFO] [stdout]    |
[INFO] [stdout] 47 |                 Val::I64(x) => *global.get_mut().as_i64_mut() = x,
[INFO] [stdout]    |                                        ^^^^^^^ method not found in `wasmer_vm::Global`
[INFO] [stdout] 
[INFO] [stdout] 
[INFO] [stdout] error[E0599]: no method named `get_mut` found for struct `wasmer_vm::Global` in the current scope
[INFO] [stdout]   --> src/externals/global.rs:48:40
[INFO] [stdout]    |
[INFO] [stdout] 48 |                 Val::F32(x) => *global.get_mut().as_f32_mut() = x,
[INFO] [stdout]    |                                        ^^^^^^^ method not found in `wasmer_vm::Global`
[INFO] [stdout] 
[INFO] [stdout] 
[INFO] [stdout] error[E0599]: no method named `get_mut` found for struct `wasmer_vm::Global` in the current scope
[INFO] [stdout]   --> src/externals/global.rs:49:40
[INFO] [stdout]    |
[INFO] [stdout] 49 |                 Val::F64(x) => *global.get_mut().as_f64_mut() = x,
[INFO] [stdout]    |                                        ^^^^^^^ method not found in `wasmer_vm::Global`
[INFO] [stdout] 
[INFO] [stdout] 
[INFO] [stdout] error: aborting due to 12 previous errors; 1 warning emitted
[INFO] [stdout] 
[INFO] [stdout] 
[INFO] [stdout] Some errors have detailed explanations: E0308, E0599.
[INFO] [stdout] 
[INFO] [stdout] For more information about an error, try `rustc --explain E0308`.
[INFO] [stdout] 
[INFO] [stdout] error[E0599]: no method named `get_mut` found for struct `wasmer_vm::Global` in the current scope
[INFO] [stdout]   --> src/externals/global.rs:50:41
[INFO] [stdout]    |
[INFO] [stdout] 50 |                 Val::V128(x) => *global.get_mut().as_u128_bits_mut() = x.to_ne_bytes(),
[INFO] [stdout]    |                                         ^^^^^^^ method not found in `wasmer_vm::Global`
[INFO] [stdout] 
[INFO] [stdout] 
[INFO] [stdout] error[E0599]: no method named `as_i32` found for enum `Value<_>` in the current scope
[INFO] [stdout]   --> src/externals/global.rs:76:55
[INFO] [stdout]    |
[INFO] [stdout] 76 |                 ValType::I32 => Val::from(*definition.as_i32()),
[INFO] [stdout]    |                                                       ^^^^^^ method not found in `Value<_>`
[INFO] [stdout] 
[INFO] [stdout] 
[INFO] [stderr] error: could not compile `wasmer`.
[INFO] [stderr] 
[INFO] [stderr] To learn more, run the command again with --verbose.
[INFO] [stderr] warning: build failed, waiting for other jobs to finish...
[INFO] [stdout] error[E0599]: no method named `as_i64` found for enum `Value<_>` in the current scope
[INFO] [stdout]   --> src/externals/global.rs:77:55
[INFO] [stdout]    |
[INFO] [stdout] 77 |                 ValType::I64 => Val::from(*definition.as_i64()),
[INFO] [stdout]    |                                                       ^^^^^^ method not found in `Value<_>`
[INFO] [stdout] 
[INFO] [stdout] 
[INFO] [stdout] error[E0599]: no method named `as_f32` found for enum `Value<_>` in the current scope
[INFO] [stdout]   --> src/externals/global.rs:78:54
[INFO] [stdout]    |
[INFO] [stdout] 78 |                 ValType::F32 => Val::F32(*definition.as_f32()),
[INFO] [stdout]    |                                                      ^^^^^^ method not found in `Value<_>`
[INFO] [stdout] 
[INFO] [stdout] 
[INFO] [stdout] error[E0599]: no method named `as_f64` found for enum `Value<_>` in the current scope
[INFO] [stdout]   --> src/externals/global.rs:79:54
[INFO] [stdout]    |
[INFO] [stdout] 79 |                 ValType::F64 => Val::F64(*definition.as_f64()),
[INFO] [stdout]    |                                                      ^^^^^^ method not found in `Value<_>`
[INFO] [stdout] 
[INFO] [stdout] 
[INFO] [stdout] error[E0599]: no method named `get_mut` found for struct `Arc<wasmer_vm::Global>` in the current scope
[INFO] [stdout]    --> src/externals/global.rs:109:42
[INFO] [stdout]     |
[INFO] [stdout] 109 |             let definition = self.global.get_mut();
[INFO] [stdout]     |                              ------------^^^^^^^
[INFO] [stdout]     |                              |           |
[INFO] [stdout]     |                              |           this is an associated function, not a method
[INFO] [stdout]     |                              help: use associated function syntax instead: `Arc::<wasmer_vm::Global>::get_mut`
[INFO] [stdout]     |
[INFO] [stdout]     = note: found the following associated functions; to be used as methods, functions must have a `self` parameter
[INFO] [stdout]     = note: the candidate is defined in an impl for the type `Arc<T>`
[INFO] [stdout] 
[INFO] [stdout] 
[INFO] [stdout] error[E0308]: mismatched types
[INFO] [stdout]   --> src/externals/memory.rs:76:45
[INFO] [stdout]    |
[INFO] [stdout] 76 |         slice::from_raw_parts_mut(def.base, def.current_length)
[INFO] [stdout]    |                                             ^^^^^^^^^^^^^^^^^^ expected `usize`, found `u32`
[INFO] [stdout]    |
[INFO] [stdout] help: you can convert an `u32` to `usize` and panic if the converted value wouldn't fit
[INFO] [stdout]    |
[INFO] [stdout] 76 |         slice::from_raw_parts_mut(def.base, def.current_length.try_into().unwrap())
[INFO] [stdout]    |                                             ^^^^^^^^^^^^^^^^^^^^^^^^^^^^^^^^^^^^^^
[INFO] [stdout] 
[INFO] [stdout] 
[INFO] [stdout] error[E0308]: mismatched types
[INFO] [stdout]   --> src/externals/memory.rs:90:9
[INFO] [stdout]    |
[INFO] [stdout] 87 |     pub fn data_size(&self) -> usize {
[INFO] [stdout]    |                                ----- expected `usize` because of return type
[INFO] [stdout] ...
[INFO] [stdout] 90 |         def.current_length
[INFO] [stdout]    |         ^^^^^^^^^^^^^^^^^^ expected `usize`, found `u32`
[INFO] [stdout]    |
[INFO] [stdout] help: you can convert an `u32` to `usize` and panic if the converted value wouldn't fit
[INFO] [stdout]    |
[INFO] [stdout] 90 |         def.current_length.try_into().unwrap()
[INFO] [stdout]    |
[INFO] [stdout] 
[INFO] [stdout] 
[INFO] [stdout] error: aborting due to 12 previous errors; 1 warning emitted
[INFO] [stdout] 
[INFO] [stdout] 
[INFO] [stdout] Some errors have detailed explanations: E0308, E0599.
[INFO] [stdout] 
[INFO] [stdout] For more information about an error, try `rustc --explain E0308`.
[INFO] [stdout] 
[INFO] [stderr] error: build failed
[INFO] running `Command { std: "docker" "inspect" "13d24f9f35452ff114b14d98fa7428ce7c77f7ae274037962b6cb3678960a552", kill_on_drop: false }`
[INFO] running `Command { std: "docker" "rm" "-f" "13d24f9f35452ff114b14d98fa7428ce7c77f7ae274037962b6cb3678960a552", kill_on_drop: false }`
[INFO] [stdout] 13d24f9f35452ff114b14d98fa7428ce7c77f7ae274037962b6cb3678960a552
